t are the prime factors of 27/(-6)*r/15?
2, 3
Let n(f) = 5*f + 7. Let h(p) be the second derivative of p**3/3 + 3*p**2/2 - 2*p. Let k(x) = 7*h(x) - 3*n(x). List the prime factors of k(-2).
2
Let u = 11 - -38. List the prime factors of u.
7
Let x = 6 + -8. Let t = x + 4. Suppose -2*s + 4*r = t*s - 20, 5*s = r + 41. What are the prime factors of s?
3
Let k be 27/(-6)*4/(-6). Suppose 0 = 3*c + 6 - k. Let u = 6 - c. What are the prime factors of u?
7
Let z = -5 + 8. Suppose 3*i - z = 6. Suppose 0 = 3*y + i*t - 4*t - 4, -5*y = -t - 10. List the prime factors of y.
3
Suppose -5*f - 633 = 4*v, 0 = v + v + 4*f + 324. List the prime factors of (v/(-16))/(1/2).
19
Suppose -5*j + 0*j = 0. Suppose 10 - 2 = -4*s. Let z = j - s. List the prime factors of z.
2
Let m = -29 + 70. List the prime factors of m.
41
Suppose -20 - 68 = -2*r. What are the prime factors of r?
2, 11
Let d = 5 - -17. Let g = -11 + d. List the prime factors of g.
11
Let h(o) = 13*o**2 + 3*o - 3. What are the prime factors of h(1)?
13
Let o = -71 - -107. List the prime factors of o.
2, 3
Suppose -44 = 2*c - 4*c. List the prime factors of c.
2, 11
Let a(s) = s**3 - 5*s**2 + s. Let h be a(5). Suppose c = u + 1 - 13, h*c - 44 = -3*u. List the prime factors of u.
13
Suppose -a = a - 6. Let v = 0 - 4. What are the prime factors of 7 + v/6*a?
5
Let z(y) = 3*y**2 - 7*y - 6. What are the prime factors of z(-7)?
2, 5, 19
Let a(g) = g + 10. Let m be (-9 - -11)/((-1)/4). Let l be a(m). List the prime factors of 178/8 + l/(-8).
2, 11
Let h be (152/6)/((-6)/(-9)). Let l = h - 15. List the prime factors of l.
23
Let l = 4 - 6. Let m be l*1/((-2)/4). List the prime factors of (-1 + m)/(-1 + 2).
3
Let j(m) = m + 5. List the prime factors of j(-2).
3
Let b(t) = t**3 + 2*t**2 - 3*t + 2. Let s be b(-3). Suppose -s*r - 104 = 4*z, -5*r + 8 = -3*r. List the prime factors of 4/6 + z/(-3).
2, 5
Let p(v) = v**2 + 2*v + 1. Let t be p(-3). Suppose -2*r - t*w + 24 = 0, r - 4*w - 13 = -1. Suppose 5*h + r = 42. What are the prime factors of h?
2, 3
Let a = 676 - 216. What are the prime factors of a?
2, 5, 23
What are the prime factors of 20*1 + -2 + -2?
2
Let j be (28/8)/((-3)/(-6)). Suppose 0 = 4*b - 107 + j. List the prime factors of b.
5
Let p(m) = m**2 + 7*m - 29. What are the prime factors of p(-13)?
7
List the prime factors of (-1)/(-2) + 263/2.
2, 3, 11
Let s(h) = -h**2 - 2*h - 2. Let l be s(4). Let o = -16 - l. What are the prime factors of o?
2, 5
Let x(d) be the second derivative of -d**3/2 - d**2 - 3*d. List the prime factors of x(-3).
7
Suppose -2*w = -46 + 14. Suppose -k = 3*k + w, k = n - 6. What are the prime factors of n?
2
Let u(x) = x**2 - 2*x + 6. Let z be u(3). List the prime factors of z/(1/2*2).
3
Let m(k) = -k**2 + 44. Let o be m(0). Suppose 6 = -4*i + 26. Suppose -n = -i*n + o. What are the prime factors of n?
11
Let c(x) = x**2 - x - 15. Let n = -12 - -7. What are the prime factors of c(n)?
3, 5
Suppose 6 = 2*r - r. What are the prime factors of r?
2, 3
Let s be 869/11*(-2)/2. Let q = -39 - s. What are the prime factors of q?
2, 5
Suppose s + v - 3*v - 73 = 0, -5*s + 435 = 4*v. List the prime factors of s.
83
Let a = -63 + 97. Suppose a = t + l, -3*l + 29 - 186 = -4*t. Let o = t - 19. List the prime factors of o.
2, 3
Suppose 5*z - 29 = -2*c, 6 = 2*c + 2*z - 8. Let q = 5 - c. List the prime factors of q.
3
Let u(q) = 14*q - 2. List the prime factors of u(1).
2, 3
Suppose 420 = 2*f + 3*i, -428 = -4*f + 2*f + i. List the prime factors of f.
3, 71
Suppose -l - 4*a = -229, -4*l + 647 = -l + 4*a. What are the prime factors of l?
11, 19
List the prime factors of (-2208)/(-28) + (-3)/(-21).
79
Let b(a) = -a. Suppose 3*d + 4 = -8. What are the prime factors of b(d)?
2
Let u = 4 - 4. Suppose 0 = -2*m + 3*m - 24. Suppose 3*f - 6*g + g - m = u, 3*g = -f + 8. What are the prime factors of f?
2
What are the prime factors of 3/(3*-4)*-68?
17
Suppose 0 = -5*v - 25 - 0. Let w(q) = 0 - q + 1 + 6. What are the prime factors of w(v)?
2, 3
Let p(w) = -4*w + 4. What are the prime factors of p(-6)?
2, 7
Let c(b) = -b**2 + 4*b + 4. Let l be c(4). Suppose 0*m = 2*m - l. List the prime factors of 9 + m + -2 - -2.
11
Suppose 3*l - 5*u - 28 - 7 = 0, -4*u = -2*l + 26. Suppose 6*j - 4*m = 8*j - 30, 4*j - 4*m - 96 = 0. Suppose -4*v + j = l. List the prime factors of v.
2
Suppose -3*x + 71 + 34 = 0. List the prime factors of x.
5, 7
Suppose 4*d = 16, 0*c = 4*c - 4*d + 8. What are the prime factors of 6 + (2 - c)/(-1)?
2, 3
Let v(g) = -g**3 + 2*g**2 - 3*g - 1. Let u be v(4). Let t be 6*(-5)/(u/24). What are the prime factors of (3/(-1))/((-12)/t)?
2
Let h = 38 - 13. List the prime factors of h.
5
Let y(r) = -14*r - 1. Let z be y(-1). Let x = 10 - z. Let s = 11 + x. List the prime factors of s.
2
Let r = -2 + 10. Suppose -r*u = -u - 168. List the prime factors of u.
2, 3
Suppose -3*k + 10 = -2. Let c = 6 - k. Let r = 8 - c. What are the prime factors of r?
2, 3
Suppose 0 = -4*l - 0*l. Let m be 2 + 0 + l + -2. Let p = m + 12. What are the prime factors of p?
2, 3
Let y = 18 + 87. What are the prime factors of y?
3, 5, 7
Suppose -2*r - 156 = -3*r. List the prime factors of r.
2, 3, 13
Suppose -1 - 8 = -3*t. Let p = 2 + t. What are the prime factors of p?
5
Suppose 0 = -30*z + 32*z - 74. What are the prime factors of z?
37
Let d be ((-9)/6 - -2)*10. Suppose -4*v - d*y = -19, -2*v - y + 4*y - 7 = 0. What are the prime factors of (-2 + 6/v)*2?
2
Suppose -6*g + 956 = 188. What are the prime factors of g?
2
Suppose -2*b - 3*v + 99 = 17, -4*b - 2*v + 156 = 0. What are the prime factors of b?
2, 19
Let b(c) = 10*c**3 - 5*c**2 - 2*c + 1. Let d(j) = -30*j**3 + 14*j**2 + 6*j - 3. Let q(v) = -17*b(v) - 6*d(v). List the prime factors of q(1).
2, 5
Let j = 6 + -2. List the prime factors of j/18 - 187/(-9).
3, 7
Suppose 5*z + 5 + 15 = 0, -4*r = -4*z - 384. List the prime factors of r.
2, 23
Suppose -n = 4*n - 20. Suppose 3*t + 3*f = -0*f + 57, 2*f = -n*t + 82. What are the prime factors of t?
2, 11
Let y(z) = z**3 + 2*z**2 + 4*z + 2. Let g be y(-2). List the prime factors of 4/(-6) - 46/g.
7
Let g(s) = -11*s + 1. Let y(k) = -23*k + 2. Let p(r) = -5*g(r) + 2*y(r). List the prime factors of p(2).
17
Suppose -5 = -5*o + 10. Suppose 0*q + o*q + 27 = 0. List the prime factors of (-24)/q + 1/3.
3
Suppose 2*j - 4*k = -10, 4*j = -0*j - 2*k - 40. Let i = j + 18. What are the prime factors of i?
3
Let t(b) = -4*b + 2. Let u be t(2). Let q be (-4)/(-2 - u/4). Suppose 0*m = -2*m + q. What are the prime factors of m?
2
Suppose -4*v + 5*v - 46 = 0. Suppose 0 = w + w - v. What are the prime factors of w?
23
Suppose 2*n - 4*f - 14 = 0, 2*n + 2*f = -f - 7. What are the prime factors of -3*n*156/(-18)?
2, 13
Let t(q) = q + 5. Let z be 0 + 1 + (0 - 5). Let v be t(z). List the prime factors of v + 2 + -2 + 10.
11
Let n(r) = -r**3 - r**2 - r + 868. Let p be n(0). List the prime factors of (-4)/(-14) + p/49.
2, 3
Let o be (-6)/(((-18)/8)/3). Suppose 0 = -9*c + 7*c. Suppose c*p + o = p. What are the prime factors of p?
2
Suppose -3*o - o = 8, 0 = -5*i + 3*o + 371. What are the prime factors of i?
73
Suppose -12 = s - 61. List the prime factors of s.
7
Suppose 5*c - 32 = 4*c. List the prime factors of c.
2
Suppose 13 = 3*z - 125. List the prime factors of z.
2, 23
Suppose -5*t + 7 = 2. Let s = t - -25. What are the prime factors of s?
2, 13
Let s(y) = y**3 - 6*y**2 - 4*y + 28. List the prime factors of s(9).
5, 47
Suppose 0*v = -4*v + 140. List the prime factors of v.
5, 7
Let p(i) = 2*i**3 + 2*i**2 - 2*i - 2. Let z be p(2). Suppose z = 5*u - k, 0*k - 3*k + 2 = -u. Let r = -1 + u. What are the prime factors of r?
3
Let x = 558 - 273. List the prime factors of x.
3, 5, 19
Suppose g - 4*g - 3 = -2*d, -2*d + 2 = -4*g. Suppose 0 = u + 3*n, -d*n + 60 = -u + 6*u. Let i = -9 + u. What are the prime factors of i?
2, 3
Let p be 4/(-16) + 170/8. Suppose -4*r + p = -r. List the prime factors of r.
7
List the prime factors of (-2)/3 - 256/(-6).
2, 3, 7
Let g(d) = -3*d**3 + 17*d**2 - 19*d + 15. Let z(o) = 5*o**3 - 25*o**2 + 28*o - 23. Let t(n) = 8*g(n) + 5*z(n). What are the prime factors of t(-12)?
5
Let t = -2 + 4. Suppose -4*x = 2*l - 36, t*x + 28 = 4*l - 4. What are the prime factors of l?
2, 5
Let g(v) = -v**2 - 4*v + 1. Let z be g(-3). Suppose 3*t = 23 + z. What are 